reatest common factor of 47 and n?
1
Let m = -7397 - -7409. Calculate the greatest common factor of m and 1476.
12
Suppose 2*c - 2*d + 10 = 2, -4*c + 9 = d. Let t be (2/c)/((-2)/(-3)*-3). Let r be t/((-1)/(-2)) - -130. What is the greatest common divisor of 16 and r?
16
Let k(g) = 441*g**2 + 54. Let n(m) = 40*m**2 + 5. Let z(l) = -5*k(l) + 54*n(l). Let f be z(1). Let w = f - -51. What is the greatest common factor of w and 2?
2
Suppose -4*s - 26 = -3*v - 2*s, -4*v + s + 43 = 0. Suppose v*w - 6*w = -4*w. Suppose w = -u + 1. What is the greatest common factor of 2 and u?
1
Suppose -542 = q + 2*t - 602, -4*t - 24 = -q. What is the highest common divisor of 64 and q?
16
Let p = 13496 - 12061. What is the greatest common divisor of 1025 and p?
205
Let g(b) = 39*b**2 + 67*b + 2. Let l(c) = 22*c**2 + 34*c + 1. Let x(p) = 4*g(p) - 7*l(p). Let j be x(-19). Calculate the greatest common factor of j and 119.
17
Let q be (-200)/4600 - 7936/(-23). What is the highest common factor of 15 and q?
15
Suppose -4*n = -2*g - 206, 0 = 3*n - 2*g - 39 - 119. Suppose -4*l + l - 4*q + 1208 = 0, -q - 412 = -l. What is the highest common factor of n and l?
24
Suppose 0 = -164*d - 29*d + 8492. What is the highest common factor of d and 9988?
44
Let p(w) = -w**2 + 12*w - 8. Let d(m) = -m + 4. Let y = 45 - 52. Let l be d(y). Let a be p(l). What is the highest common factor of 15 and a?
3
Let y(r) be the first derivative of r**4/4 + 6*r**3 + 18*r**2 + 29. Let k be y(-15). Let q = -23 + k. What is the highest common factor of q and 16?
16
Let u(o) = 31*o + 27. Let f be u(13). Suppose 0 = 25*c - 20*c - f. What is the greatest common factor of 2 and c?
2
Suppose 7*r = -20*r + 3078. Calculate the greatest common divisor of r and 9.
3
Let a be (-8)/(-144)*-6 - 8/(-6). Let u be -2 + 4 - (-1 - 7). Let y be ((-4)/u)/(1/(-20)). Calculate the highest common divisor of a and y.
1
Let i(y) = -785*y**3 + 20*y**2 + 25*y + 4. Let m be i(-1). What is the highest common divisor of m and 32?
16
Suppose -4*y - 5*c - 52 = -4*c, 3*y + 50 = 2*c. Let n(o) = -9*o - 115. Let s be n(y). What is the highest common divisor of 99 and s?
11
Let c be (-104)/182 + (-67)/(-7) - (3 + 2). Calculate the greatest common divisor of 1868 and c.
4
Let u be 9 + -12 - 2*-3. Suppose -t + 128 = u*s, t - 199 - 11 = -5*s. What is the highest common factor of 451 and s?
41
Let r be 185*(-1 - 17/(-15))*3. Suppose p - 5*p + b + 78 = 0, 3*b + r = 4*p. What is the greatest common factor of p and 12?
4
Suppose 2*o - 2309 + 2181 = 3*p, -5*o + 346 = -p. What is the highest common divisor of o and 4935?
35
Let t be (-738)/3*8/288*-12. Suppose -5*c - 3*x + 10 = 0, -c = -3*c - 3*x + 13. Let v be -2 - c - (-2 + -122). Calculate the highest common factor of t and v.
41
Let d = 8573 - 8555. What is the greatest common factor of 1794 and d?
6
Let u(c) = -c**2 + 22*c - 12. Let o be u(18). Suppose 220 = 5*d - a, 0 = -0*d + d + 3*a - 60. Calculate the greatest common divisor of d and o.
15
Let c be 27/12*(-32)/(-6). Let i be 360/16*8/(-6). Let f be (2/(-5)*2)/(6/i). What is the greatest common divisor of f and c?
4
Suppose -23*w + 0*w = -1081. Suppose 11 = -3*h + w. Calculate the highest common factor of 9 and h.
3
Let i be 127 + 2 - 99/(-9 + 20). What is the greatest common divisor of 1980 and i?
60
Let m(p) = -p + 33. Let n be m(0). Suppose -228*o + 285*o - 5643 = 0. Calculate the greatest common factor of n and o.
33
Let u = -440 - -1429. Suppose -3*v - 4*w + 561 = 0, -5*v - 54 + u = 4*w. Calculate the highest common divisor of v and 11.
11
Let f(r) = 2*r**3 + 19*r**2 + 30*r + 232. Let d be f(-8). What is the greatest common divisor of d and 1912?
8
Let o be (-9)/2 + 2/4 + -2. Let k(f) = f**2 - 2*f. Let j be k(o). Suppose j = q - 2. What is the greatest common divisor of q and 75?
25
Let g = 91 + 153. Let w = g + -118. Calculate the greatest common factor of 18 and w.
18
Let c(p) = -p + 12. Let v be c(-4). Suppose 0 = -s + v. Let k(m) = -m**3 - 7*m**2 + 4*m. Let n be k(-8). What is the greatest common divisor of n and s?
16
Suppose r - 5*a = 3454, -4*r + 259*a - 264*a = -13666. What is the greatest common divisor of r and 535?
107
Let o(z) = -z**3 + 32*z**2 - 38*z + 253. Let d be o(31). What is the highest common divisor of 12 and d?
12
Let x = 36 - 32. Suppose k - 3*k + 10 = 0, -x*d - 165 = -5*k. Let h be ((-14)/d)/(1/180). Calculate the greatest common divisor of 18 and h.
18
Suppose 40*h = 47*h - 14. Let y be (10 - -57) + (0 + -1)*h. Calculate the greatest common divisor of 13 and y.
13
Suppose 12*s - 15559 - 3209 = 0. What is the greatest common divisor of 136 and s?
68
Suppose -3*w - 5*y = -3*y - 12, 2*w - 8 = -5*y. Suppose -w*o = -10*o. Suppose 161*q - 160*q - 29 = o. Calculate the highest common divisor of 319 and q.
29
Let j = -64 - -131. Let d = 73 - j. Suppose -d*n = 20 - 62. Calculate the highest common divisor of 14 and n.
7
Let l(d) = -d**2 + 3*d + 1. Let x be l(7). Let r = 17 - x. Let m be (6/12)/(-1)*-8. Calculate the greatest common factor of m and r.
4
Let t(r) = -2*r**3 - 6*r**2 - 4*r - 7. Let n be t(-3). Suppose -16*o + n*o + 660 = 0. What is the greatest common divisor of 48 and o?
12
Let j = -5762 - -5890. What is the greatest common factor of j and 408?
8
Suppose 0 = 2*j + 249*g - 248*g - 13306, 4*g = -4*j + 26604. What is the greatest common factor of j and 55?
55
Suppose -g + 36 - 22 = 0. Let y be 1 + (-36)/28 - 46/(-14). Let m = 18 + y. Calculate the greatest common divisor of g and m.
7
Suppose 17*v - 21*v - 211 = -3*c, -3*v = -15. Calculate the greatest common divisor of c and 7.
7
Let k be 5/(85/544) + -15. What is the highest common divisor of k and 13?
1
Suppose -n - 2*x = 11, -13 = 2*n + x - 3. Suppose 6 = -4*j - 18. Let t = n - j. Calculate the highest common factor of 27 and t.
3
Let u = -25820 - -26194. Calculate the highest common divisor of 550 and u.
22
Let g(f) = f**3 - 9*f**2 + 12*f - 8. Let c be g(10). Suppose 40*y + 84 = 61*y. What is the highest common factor of c and y?
4
Suppose a + x = 9, -5*x = -5*a + 8*a - 33. Let i(k) = -13*k + 146. Let w be i(a). What is the greatest common divisor of w and 51?
17
Let d(j) = -j**3 - j**2 + 15. Let q be d(0). Suppose 67*p = 59*p + 40. Calculate the highest common factor of q and p.
5
Let s(d) = 26*d + 24*d**2 + 21*d**2 + 10 - 46*d**2 + 10*d. Let a be s(22). What is the highest common divisor of a and 6?
6
Suppose 2504*s = 2500*s + 3*n + 35, 3*n - 49 = -2*s. Calculate the greatest common divisor of s and 553.
7
Let n(c) = 2*c**2 + 4. Let d be n(-3). Suppose -709 = -5*b + 3*s, 0 = -4*b + 4*s + 439 + 125. What is the highest common divisor of d and b?
11
Suppose 3*z = -9*s + 2178, 2*z - 1078*s = -1080*s + 1452. What is the highest common divisor of 12 and z?
6
Let j = -154 - -19. Let w = j + 200. Calculate the greatest common factor of w and 39.
13
Suppose 3*z - 3*t = -5 - 10, z + 1 = 5*t. Let j(n) = -n**2 - 9*n - 5. Let x be j(z). Let i be (530/20 - 7)*2. Calculate the greatest common divisor of x and i.
13
Let g = 2148 + -2108. What is the greatest common divisor of g and 40?
40
Let r(y) be the second derivative of y**5/20 + 7*y**4/12 - y**3 + y + 24. Let g be r(-7). What is the greatest common factor of 105 and g?
21
Suppose -4*j - q = -187, 3*j - 2*q + 0 - 143 = 0. Suppose 4*m = 10*m - 4032. Let z = m + -155. Calculate the highest common divisor of j and z.
47
Suppose -340141 + 67687 = -499*p. What is the greatest common divisor of p and 342?
6
Let p(i) = 446*i - 3551. Let n be p(16). Calculate the greatest common factor of 45 and n.
15
Let c(n) = -n**3 + 9*n**2 + 11*n + 18. Let m be c(11). Let a = m - -111. Calculate the greatest common factor of a and 72.
8
Let c(z) = 9*z**2 - 16*z - 14. Let s be c(6). Let y = 221 - s. What is the highest common factor of y and 21?
7
Suppose 2*l + l = 27. Suppose -3*n - 2*z = -323, -1 = 2*z - l. Let i be -522*(-5)/60 + (-3)/2. What is the greatest common divisor of n and i?
21
Let w(f) = 28*f**2 - 463*f + 4. Let c be w(17). Calculate the highest common divisor of 325 and c.
25
Suppose 3*d - 5*i = 161, 4*d - i = -4*i + 176. Let q = d - 66. Let a = 59 + q. Calculate the greatest common factor of a and 16.
8
Let i be (-1800)/(-80)*(-16)/(-6). Let p = -241 + 406. Calculate the highest common factor of p and i.
15
Le